
True
Is 2516771 composite?
False
Is 47827433 composite?
True
Is 8460701 composite?
False
Is 6785341 prime?
True
Is 288776309 a composite number?
False
Is 62425679 composite?
True
Is 230935477 a composite number?
True
Is 10694807 composite?
False
Is 510311 prime?
True
Is 61600807 a prime number?
False
Is 171211 a prime number?
False
Is 5641997 a composite number?
False
Is 2798038 a prime number?
False
Is 3967423 composite?
True
Is 40479031 a composite number?
False
Is 52932071 composite?
False
Is 2653555 a prime number?
False
Is 3070633 composite?
True
Is 22443139 composite?
False
Is 12736487 composite?
False
Is 1658302 a composite number?
True
Is 401610478 a composite number?
True
Is 3928553 composite?
False
Is 112369511 a composite number?
False
Is 13119305 composite?
True
Is 31471043 prime?
True
Is 81830171 prime?
True
Is 73222991 a prime number?
True
Is 70953303 a composite number?
True
Is 97012549 composite?
False
Is 5391017 a composite number?
False
Is 6025549 a prime number?
True
Is 2141123 a composite number?
False
Is 357915893 a composite number?
False
Is 3418634 composite?
True
Is 9189287 composite?
True
Is 572106047 a composite number?
False
Is 1737959 a prime number?
True
Is 82266911 a prime number?
True
Is 45932333 a composite number?
False
Is 1668493 prime?
False
Is 20504531 prime?
False
Is 3228839 a prime number?
False
Is 33523559 a prime number?
False
Is 3537517 a composite number?
False
Is 1773381 a composite number?
True
Is 6288141 prime?
False
Is 499123043 composite?
True
Is 254985991 a composite number?
True
Is 4952887 a composite number?
False
Is 5930917 a prime number?
True
Is 15752794 composite?
True
Is 183083629 composite?
False
Is 4997273 a prime number?
True
Is 733379 a composite number?
True
Is 2091580171 a composite number?
False
Is 5722779 composite?
True
Is 2747883 prime?
False
Is 1605719 a prime number?
True
Is 52157851 a composite number?
False
Is 3180971 a composite number?
False
Is 189577279 composite?
False
Is 6477607 a prime number?
False
Is 8121209 composite?
False
Is 3849763 composite?
True
Is 24646529 composite?
False
Is 5918009 prime?
True
Is 2802011 a prime number?
True
Is 3608223 composite?
True
Is 6180989 prime?
True
Is 1888433 prime?
False
Is 113832109 prime?
True
Is 411102871 composite?
False
Is 64719623 prime?
False
Is 1177843 a composite number?
False
Is 29236483 prime?
False
Is 33898057 a composite number?
False
Is 414811247 a composite number?
False
Is 484152355 a composite number?
True
Is 16324657 a composite number?
False
Is 2448977 composite?
True
Is 22614827 composite?
False
Is 422625361 composite?
False
Is 34917713 a composite number?
False
Is 25312547 prime?
False
Is 11027777 prime?
True
Is 13853821 a prime number?
True
Is 63842851 a prime number?
True
Is 55423573 a composite number?
False
Is 192412531 a prime number?
True
Is 3062581 a prime number?
False
Is 648262757 prime?
True
Is 4916627 composite?
True
Is 5476381 a composite number?
False
Is 58243597 a composite number?
True
Is 33289093 a composite number?
False
Is 30103 composite?
False
Is 25447937 prime?
False
Is 8840209 a composite number?
True
Is 332799023 a composite number?
True
Is 146939365 composite?
True
Is 2087313 a prime number?
False
Is 2946557 prime?
False
Is 52242655 a composite number?
True
Is 3460271 prime?
True
Is 812807 composite?
False
Is 49365851 prime?
True
Is 580837 a composite number?
False
Is 342501 a composite number?
True
Is 37953743 a prime number?
False
Is 7286749 a prime number?
False
Is 15705367 a prime number?
False
Is 465897 a composite number?
True
Is 361891 a composite number?
True
Is 3239927 a prime number?
True
Is 104523907 a prime number?
False
Is 2397761 composite?
True
Is 9538601 a composite number?
False
Is 137190113 prime?
True
Is 1069654 a composite number?
True
Is 1045069 a prime number?
False
Is 17437135 a composite number?
True
Is 3895501 prime?
False
Is 35256019 a composite number?
True
Is 4629283 composite?
False
Is 4880713 composite?
False
Is 4938007 composite?
True
Is 27562237 prime?
False
Is 90895547 prime?
True
Is 1986497 composite?
False
Is 5521451 composite?
True
Is 13501903 a prime number?
False
Is 21782567 prime?
False
Is 31625447 prime?
False
Is 754513 prime?
True
Is 33484103 prime?
True
Is 349093246 a composite number?
True
Is 37314787 a prime number?
True
Is 93327149 a composite number?
True
Is 889101959 a prime number?
True
Is 1072567 a composite number?
True
Is 20663449 a composite number?
True
Is 23057819 a prime number?
True
Is 745907 a prime number?
False
Is 271494599 a prime number?
False
Is 86447039 prime?
False
Is 18334531 a prime number?
True
Is 18042391 prime?
False
Is 8890753 a prime number?
False
Is 536863 a prime number?
False
Is 1271471 a composite number?
False
Is 147721069 a composite number?
False
Is 13852781 composite?
False
Is 143052983 a prime number?
True
Is 238852619 composite?
False
Is 135219857 prime?
True
Is 149350259 a prime number?
True
Is 9982715 a composite number?
True
Is 276069811 composite?
False
Is 10857631 a composite number?
False
Is 5349489 a prime number?
False
Is 8307499 composite?
True
Is 8580151 composite?
False
Is 499781 a prime number?
True
Is 893359 prime?
True
Is 1057033 a prime number?
True
Is 170108837 prime?
True
Is 90847255 a composite number?
True
Is 163925903 prime?
True
Is 503497 a composite number?
True
Is 22472039 prime?
True
Is 79762573 a composite number?
True
Is 1832749 prime?
False
Is 121796299 prime?
True
Is 4213249 a composite number?
True
Is 26645849 composite?
False
Is 128362843 a composite number?
True
Is 2234959 prime?
True
Is 14119471 prime?
True
Is 1262013 a composite number?
True
Is 3575267 prime?
False
Is 431099 composite?
False
Is 20035343 a composite number?
True
Is 11026439 composite?
False
Is 598807219 prime?
False
Is 14202899 composite?
True
Is 2040949 a prime number?
False
Is 103629081 composite?
True
Is 109376533 a prime number?
False
Is 2299691 a prime number?
False
Is 84348519 a prime number?
False
Is 5610191 a prime number?
True
Is 77063401 a prime number?
False
Is 9331237 prime?
False
Is 584677 a composite number?
False
Is 7679531 a composite number?
True
Is 4425919 composite?
False
Is 17246667 a composite number?
True
Is 582307 a prime number?
False
Is 26366881 prime?
False
Is 121568933 composite?
False
Is 39412679 a composite number?
False
Is 31293013 a prime number?
True
Is 18393601 a prime number?
False
Is 1436527 a composite number?
False
Is 125537209 a prime number?
False
Is 364526557 prime?
False
Is 190527227 a composite number?
True
Is 141587 a composite number?
False
Is 275633851 a prime number?
False
Is 23481629 a prime number?
False
Is 200823751 prime?
True
Is 351727 a composite number?
False
Is 28737383 composite?
True
Is 301980149 a composite number?
True
Is 157116677 a prime number?
True
Is 29352667 a prime number?
True
Is 282985 composite?
True
Is 296001119 a prime number?
False
Is 30773237 a prime number?
False
Is 5080043 a composite number?
False
Is 25301 a prime number?
True
Is 8647567 composite?
False
Is 2532115 prime?
False
Is 649347295 a composite number?
True
Is 10763042 a composite number?
True
Is 233170361 composite?
True
Is 1839121 a composite number?
False
Is 34296953 composite?
True
Is 15138686 a prime number?
False
Is 208924413 prime?
False
Is 21402323 a composite number?
False
Is 11572949 composite?
False
Is 936129 a prime number?
False
Is 91166159 a prime number?
False
Is 5675869 a prime number?
True
Is 28944517 composite?
True
Is 11116867 prime?
False
Is 14329753 prime?
True
Is 4125673 a composite number?
False
Is 2214449 a composite number?
True
Is 412908599 a composite number?
True
Is 100742707 composite?
True
Is 103589467 composite?
False
Is 35701691 a composite number?
False
Is 5385533 prime?
False
Is 1207337 a prime number?
False
Is 18426055 a prime number?
False
Is 4001507 a composite number?
True
Is 716381 a prime number?
False
Is 227942941 a composite number?
False
Is 1153381 a composite number?
True
Is 1087349 a prime number?
True
Is 20010517 composite?
False
Is 109822157 a composite number?
False
Is 12620483 composite?
False
Is 426205547 prime?
False
Is 121974469 a composite number?
False
Is 573887 prime?
True
Is 1889086 prime?
False
Is 161576237 a prime nu